ltiple of 17?
True
Is 56 a factor of 119676?
False
Is 3632378 a multiple of 772?
False
Is 107679 a multiple of 33?
True
Is 19 a factor of 396701?
True
Is 12636139 a multiple of 653?
False
Is 1289 a factor of 2456222?
False
Is 91 a factor of 959322?
True
Is 103 a factor of 5816652?
False
Does 49 divide 170079?
True
Does 3 divide 662?
False
Does 13 divide 33073196?
True
Does 40 divide 347000?
True
Is 3 a factor of 2970697?
False
Is 40 a factor of 2049367?
False
Is 4 a factor of 262379?
False
Is 2 a factor of 48109?
False
Is 540 a factor of 563760?
True
Is 2 a factor of 4157898?
True
Does 15 divide 43274?
False
Is 2868058 a multiple of 31?
True
Is 20 a factor of 284970?
False
Does 430 divide 904363?
False
Is 89 a factor of 2893672?
False
Does 146 divide 42778?
True
Is 7823105 a multiple of 295?
True
Is 166 a factor of 558241?
False
Is 138 a factor of 186816?
False
Is 24 a factor of 270274?
False
Is 9 a factor of 4677?
False
Is 6 a factor of 94093?
False
Does 691 divide 4956543?
True
Is 3 a factor of 1304860?
False
Is 906903 a multiple of 27?
True
Is 3190401 a multiple of 115?
False
Does 27 divide 368118?
True
Is 165792 a multiple of 528?
True
Is 1232531 a multiple of 183?
False
Does 143 divide 3097102?
False
Is 41275 a multiple of 5?
True
Is 96 a factor of 6516867?
False
Is 14 a factor of 1103383?
False
Is 1411582 a multiple of 17?
False
Does 111 divide 95285?
False
Does 58 divide 417426?
True
Does 9 divide 14374364?
False
Does 88 divide 2757568?
True
Does 26 divide 76242?
False
Is 52539 a multiple of 11?
False
Is 1053216 a multiple of 21?
False
Is 524250 a multiple of 14?
False
Is 21 a factor of 23486?
False
Does 187 divide 152025?
False
Is 14 a factor of 398436?
False
Does 117 divide 226044?
True
Does 153 divide 60744?
False
Does 16 divide 16940?
False
Does 186 divide 37200?
True
Does 30 divide 986550?
True
Is 50998 a multiple of 43?
True
Does 9 divide 76798?
False
Does 14 divide 124306?
True
Is 25216 a multiple of 10?
False
Is 3228708 a multiple of 84?
True
Is 85 a factor of 7138698?
False
Does 8 divide 8252?
False
Is 9 a factor of 125194?
False
Does 56 divide 662984?
True
Is 23687 a multiple of 41?
False
Is 7 a factor of 1606336?
False
Is 31788 a multiple of 18?
True
Is 118 a factor of 166980?
False
Does 116 divide 1906924?
True
Is 1060 a factor of 5190820?
True
Is 891 a factor of 13219799?
False
Does 3 divide 125990?
False
Is 2919169 a multiple of 56?
False
Does 50 divide 167472?
False
Is 140224 a multiple of 112?
True
Is 6 a factor of 298799?
False
Is 1327880 a multiple of 197?
False
Is 319 a factor of 634491?
True
Does 26 divide 1737062?
False
Is 23951196 a multiple of 9?
True
Is 4036090 a multiple of 173?
True
Is 79 a factor of 39965?
False
Does 18 divide 4794822?
True
Is 152 a factor of 715065?
False
Does 60 divide 5616900?
True
Is 5831750 a multiple of 5?
True
Is 805056 a multiple of 224?
True
Is 717876 a multiple of 243?
False
Does 4 divide 332977?
False
Does 78 divide 569395?
False
Is 166500 a multiple of 111?
True
Does 538 divide 38984?
False
Does 12 divide 56124?
True
Is 707157 a multiple of 33?
True
Does 36 divide 8576712?
True
Does 88 divide 1093069?
False
Is 281 a factor of 697962?
False
Is 67104 a multiple of 36?
True
Is 1811978 a multiple of 14?
True
Is 2462683 a multiple of 101?
True
Does 24 divide 161352?
True
Does 7 divide 35203?
True
Is 35 a factor of 7048284?
False
Does 6 divide 1060218?
True
Does 482 divide 25869489?
False
Is 428996 a multiple of 23?
True
Is 26437 a multiple of 8?
False
Is 21736 a multiple of 52?
True
Is 669132 a multiple of 2?
True
Does 32 divide 1123124?
False
Does 41 divide 24938838?
False
Does 100 divide 198214?
False
Is 9262563 a multiple of 83?
False
Does 22 divide 166775?
False
Does 220 divide 174460?
True
Is 296 a factor of 284752?
True
Does 117 divide 35151391?
False
Does 195 divide 1932581?
False
Is 7 a factor of 523320?
True
Is 11146309 a multiple of 460?
False
Does 320 divide 2011264?
False
Does 201 divide 1184708?
False
Is 19 a factor of 4376948?
False
Is 89690 a multiple of 10?
True
Is 103 a factor of 229490?
False
Is 105 a factor of 5172054?
False
Does 34 divide 1004088?
True
Is 58 a factor of 4430213?
False
Is 1665846 a multiple of 126?
True
Is 259074 a multiple of 157?
False
Is 1401485 a multiple of 163?
False
Is 2162922 a multiple of 69?
False
Does 15 divide 16326870?
True
Is 891562 a multiple of 1481?
True
Is 92817 a multiple of 16?
False
Is 307256 a multiple of 193?
True
Does 30 divide 1001730?
True
Is 1025962 a multiple of 18?
False
Is 79 a factor of 1420669?
False
Is 2687514 a multiple of 6?
True
Does 133 divide 21065521?
False
Is 181167 a multiple of 64?
False
Is 241528 a multiple of 553?
False
Is 81186 a multiple of 93?
False
Does 28 divide 2000924?
False
Is 87681 a multiple of 2?
False
Does 41 divide 3328052?
True
Does 62 divide 1390453?
False
Is 55 a factor of 191162?
False
Is 2297939 a multiple of 209?
False
Does 16 divide 823059?
False
Does 26 divide 3900?
True
Does 75 divide 65120?
False
Is 150 a factor of 9489300?
True
Does 6 divide 423138?
True
Does 106 divide 69112?
True
Is 54 a factor of 2826414?
True
Is 525 a factor of 214725?
True
Does 10 divide 49875?
False
Is 5538744 a multiple of 129?
True
Is 110 a factor of 581240?
True
Is 412413 a multiple of 43?
True
Is 10 a factor of 50740?
True
Is 33 a factor of 216810?
True
Is 3090700 a multiple of 25?
True
Does 513 divide 1945296?
True
Is 6 a factor of 9240?
True
Is 280750 a multiple of 7?
False
Is 103 a factor of 519430?
False
Is 12 a factor of 4331184?
True
Does 115 divide 208150?
True
Is 395871 a multiple of 49?
True
Does 866 divide 285780?
True
Is 309 a factor of 765086?
False
Is 128965 a multiple of 5?
True
Is 779 a factor of 2770698?
False
Is 93360 a multiple of 16?
True
Is 14 a factor of 1676878?
True
Is 1831886 even?
True
Is 135072 a multiple of 96?
True
Is 6457 a multiple of 2?
False
Is 215 a factor of 695303?
False
Is 10 a factor of 252860?
True
Is 9 a factor of 420558?
False
Does 33 divide 122133?
True
Does 113 divide 1095309?
True
Does 48 divide 13876740?
False
Is 816405 a multiple of 49?
False
Is 830 a factor of 8088781?
False
Is 370804 a multiple of 476?
True
Is 107771 a multiple of 94?
False
Does 20 divide 365839?
False
Is 25852160 a multiple of 760?
True
Is 128 a factor of 784051?
False
Does 63 divide 1179045?
True
Does 713 divide 94829?
True
Is 17 a factor of 472787?
True
Is 873184 a multiple of 16?
True
Is 72 a factor of 44391?
False
Is 61 a factor of 86960?
False
Does 11 divide 16898892?
False
Does 43 divide 302?
False
Is 8280 a multiple of 20?
True
Does 11 divide 2624244?
False
Does 51 divide 389681?
False
Does 9 divide 873330?
False
Is 203 a factor of 1771744?
False
Is 17 a factor of 702848?
True
Is 1656993 a multiple of 39?
True
Is 8734451 a multiple of 11?
True
Is 3 a factor of 27857?
False
Is 2770395 a multiple of 4?
False
Does 628 divide 2050395?
False
Does 18 divide 269742?
False
Does 18 divide 323064?
True
Is 101493 a multiple of 81?
True
Is 2770 a multiple of 277?
True
Is 61627 a multiple of 17?
False
Is 2736725 a multiple of 25?
True
Does 86 divide 706979?
False
Is 176 a factor of 3806176?
True
Is 24745 a multiple of 35?
True
Is 169 a factor of 10357818?
False
Is 8 a factor of 1920?
True
Is 56 a factor of 346696?
True
Does 38 divide 732982?
True
Is 6132610 a multiple of 197?
True
Is 41453 a multiple of 87?
False
Is 332117 a multiple of 267?
False
Does 15 divide 61380?
True
Does 10 divide 1193100?
True
Does 5 divide 1008545?
True
Is 136 a factor of 369920?
True
Is 6526272 a multiple of 57?
True
Does 53 divide 2924020?
False
Is 225361 a multiple of 121?
False
Is 1277925 a multiple of 4?
False
Is 386 a factor of 1046405?
False
Is 308656 a multiple of 191?
True
Is 11 a factor of 192346?
True
Is 17 a factor of 5789061?
True
Does 121 divide 468149?
True
Is 16972 a multiple of 40?
False
Is 22 a factor of 254364?
True
Is 5438895 a multiple of 7?
True
Does 6 divide 429276?
True
Is 5362956 a multiple of 1242?
True
Is 1300326 a multiple of 62?
True
Is 382974 a multiple of 31?
True
Does 335 divide 114890?
False
Is 691 a multiple of 2?
False
Is 7 a factor of 12978?
True
Does 31 divide 2300231?
True
Is 3 a factor of 578827?
False
Does 256 divide 228864?
True
Is 10 a factor of 3761070?
True
Is 34 a factor of 